Let p be 6700/140 + 2/14. Suppose 0*z = 4*z - 76. Let x = p - z. What is the units digit of x?
9
Let o be 2/(-9) - (-21)/(-27). What is the tens digit of (44 - 1)*o/(-1)?
4
Let c = -183 - -103. Let o = c - -124. Suppose -x - 78 = -5*w, -w + 2*x = 2*w - o. What is the units digit of w?
6
Suppose 0 = -r - 22 + 27. Suppose -r*l + 113 = -157. What is the units digit of l?
4
Let n be -317 + -2 + 3 - (-24)/8. Let h = 465 + n. What is the units digit of h?
2
Let t(s) = s**2 - 11*s + 8. Let p be t(7). Let r be 20/(-6)*72/p. What is the units digit of 3*(-8)/r*-3?
6
Let r(u) = u**3 + 6*u**2 + 4*u + 9. Let t be r(-5). Let n = -10 + t. What is the units digit of n?
4
Let r = 37 + -37. Suppose i - 1 = -4*a, r*i + 2*i - 2 = a. What is the units digit of i?
1
Suppose 9*f - 75 = 2004. What is the tens digit of f?
3
Let u = 5 - -1. Let x be (8/u)/(2/6). What is the units digit of (-308)/(-20) - x/10?
5
Suppose 14*v = -25*v + 90012. What is the hundreds digit of v?
3
Let b(i) = -3*i - 7. Let d be b(-4). Suppose 5*w + 4*x - 57 - 47 = 0, -d*x = 3*w - 65. What is the tens digit of w?
2
Suppose -5*x - k = -21, 4*k = 3*x - 4*x - 11. Suppose -59 = -x*m + 121. What is the tens digit of m?
3
Let q(p) be the first derivative of 49*p**3/3 - p**2 - p + 12. Suppose -3 = -j - 4. What is the tens digit of q(j)?
5
What is the tens digit of (6/(-84)*260)/((-1)/35)?
5
Let u(z) = 18*z**3 - z + 1. Let o be u(1). Suppose c - 12 - o = 0. What is the units digit of c?
0
Suppose 5*u + 3*h = 16, u = -2*u + 4*h + 27. Suppose u*b = -b + 42. Suppose b*p = 11*p - 256. What is the tens digit of p?
6
Let a = 1188 - 531. Suppose 0 = -k + 10*k - a. What is the units digit of k?
3
Suppose 0 = -y + 3*b + 199, 0*y + 4*y - 5*b = 824. Let g = -138 + y. What is the tens digit of g?
7
Let t(h) = 2*h**3 - 9*h**2 - h + 12. What is the hundreds digit of t(8)?
4
Suppose 0 = -4*z + 5*z + 5. Let o be (-77)/z - (-16)/(-40). Suppose 0*q + o = q. What is the tens digit of q?
1
Suppose 1 = -3*f + 4*b + 2, -3*f + 3*b = -3. Let i(w) = -w + 7. Let x be i(f). Suppose -5*o - x*d = -125 - 94, 3*d = -5*o + 218. What is the units digit of o?
3
Suppose -2*k + 16 - 10 = 0. Suppose -k*r - 152 = -5*t + 288, -157 = -2*t + 5*r. What is the tens digit of t?
9
Let b(r) = -r**2 + 12*r - 5. Let x be b(11). Suppose -x*z + 689 + 355 = 0. What is the hundreds digit of z?
1
Let u be 0 + -2 + (81 - 21). Suppose -263 - u = -3*p. What is the hundreds digit of p?
1
Let n(i) = i**2 + i + 2. Let b be n(1). Suppose q = -b*f + 5*q + 656, -q = -2*f + 323. What is the tens digit of f?
5
Let k = -180 - -6179. What is the tens digit of k?
9
Let n(q) = 38 + 16*q - 15 - 5. What is the tens digit of n(4)?
8
Let k = -1023 - -1898. What is the hundreds digit of k?
8
Let g(d) = -d**2 + 10*d + 21. Let b be g(12). Let y = b - -47. What is the tens digit of y?
4
Suppose -1 = -3*x + 4*g + 3, -g = 2*x - 10. Suppose 3*b + 11 = -x. Let f = b + 15. What is the tens digit of f?
1
Let i(n) = 2*n**3 - 21*n**2 - 22*n + 236. What is the thousands digit of i(15)?
1
Suppose 380*t = 381*t - 451. What is the tens digit of t?
5
Let o(s) = 2*s**2 - 2*s + 2. Let v be o(2). Let m = v - -10. Suppose -i = 3*i - m. What is the units digit of i?
4
Suppose 0 = -54*j + 11*j + 61619. What is the tens digit of j?
3
Let i be 3/9 - 56/(-12). Suppose 4*l = z - 2*z - 3, -5*z - i*l = 0. What is the tens digit of -1 + -2 + (23 - z)?
1
Suppose -65 = -4*v - v - 4*z, -2*v + 43 = 5*z. Suppose -v*q + 8*q + 3 = 0. What is the units digit of q?
3
Let h be 80/2 + 1 + -1. Suppose -8*o + 360 = h. What is the units digit of o?
0
Suppose 1182 = -c + 1849. What is the units digit of c?
7
Let k = 1000 + 1034. What is the hundreds digit of k?
0
Let f(u) = u**2 + 5*u - 12. Let r be f(-7). Suppose -4*l + 210 = 2*l. Suppose r*s = -3*p + 92, s = p - l + 1. What is the units digit of p?
2
Let w(t) = t**2 - 2*t + 42. Let n(v) = -v**2 - 16*v. Let c be n(-16). Let b be w(c). Let p = -11 + b. What is the tens digit of p?
3
Suppose 4*l + 0*l - 36 = 0. Suppose 3*d = -3 - l. What is the tens digit of d*-17*2/8?
1
Suppose 4*z + 3*o - 4 = 0, 2*o - 8 = -3*z + o. Suppose u - 4 + 2 = 0. What is the tens digit of u*(-2 + z - -5)?
1
Suppose q + 18 = -q. Let l = 11 + q. Suppose b = -3*n + 72, -4*n - b + 49 = -l*n. What is the units digit of n?
3
Suppose 6*y = -4*k + 2*y + 5284, 2*k + 3*y = 2644. What is the tens digit of k?
1
Let x(z) = 27 + z - 12*z + 20*z. What is the units digit of x(6)?
1
Let r = -635 - -1062. What is the hundreds digit of r?
4
Let r be (-1 - 1 - 12)/2. Let t(u) = 4*u**2 + 0*u**2 - u**3 - 11*u**2 - 4*u. What is the tens digit of t(r)?
2
Let h(i) = 12 - 21 + 2*i**2 - 6*i + 9. Let u = -1 + 5. What is the units digit of h(u)?
8
Suppose -3*o = 51 - 51. Suppose 5*v + 2*l + 5 - 329 = o, -3*l = 3*v - 189. What is the units digit of v?
6
What is the tens digit of 47192/18 - 100/(-450)?
2
Let s be 25/(-4) + -2 + 9/4. What is the tens digit of 46*(-3 - 27/s)?
6
Suppose -182 = 5*t + 73. Let m = 84 + t. What is the units digit of m?
3
Suppose 4*j - 3076 = -4*i, 3*i - 1538 = i - j. What is the units digit of i?
9
Let i be 7/21 + 32/(-6). Let u = i + 1. What is the tens digit of u/(-18) + 1371/27?
5
Suppose -a = -4*o + 3*o + 1, 0 = 3*a - 3. Suppose -5*m = h + 45, 0 = -3*m - 3*h - 17 + o. What is the tens digit of m/45 + (-110)/(-9)?
1
Let w(y) = 51*y + 41. Let x be w(7). Let f = -227 + x. What is the hundreds digit of f?
1
What is the hundreds digit of 8/14 + 55513/301?
1
Suppose 7*u - 19169 = 21424. What is the tens digit of u?
9
Let l(t) = -2*t**3 - 2*t**2 + 4*t + 5. Suppose 144 = -5*j - 56. Let q be ((-3)/2)/((-30)/j). What is the units digit of l(q)?
5
Let y = -7 - -12. Suppose 111 = y*h + 2*s - 162, 2*s = -3*h + 167. What is the units digit of h?
3
Suppose 2*r + 1 + 25 = 3*t, 2*t - 4*r = 20. Let c be 40/7 - t/(-28). Suppose s = c*s - 145. What is the tens digit of s?
2
Suppose 18*g + 2192 = 22*g - 4*z, -2*z + 1100 = 2*g. What is the tens digit of g?
4
Let w be 5/((-10)/8) - -2. Let a be (w - -5) + 21 + 1. What is the units digit of (-4 + 3)*-1*a?
5
Let v be (-72)/(-42) + 4/14. Suppose h + 2 + v = 0. What is the units digit of 1 + 3 + -1 - h?
7
Let g be (-3 - 9/(-3))/1. Suppose g = 4*q - 64 - 12. Let i = 34 - q. What is the units digit of i?
5
Suppose 3*q + 12 = 5*q. Suppose q*t - 190 = t. What is the tens digit of t?
3
Suppose n - 1218 = -5*n. What is the hundreds digit of n?
2
What is the hundreds digit of 2/8 - ((-17395)/20 - -11)?
8
What is the thousands digit of (-17 + (-3912)/(-18))/(2/30)?
3
Let z = 1368 - 289. What is the thousands digit of z?
1
Suppose -2084 - 9760 = -12*n. What is the tens digit of n?
8
Suppose 0 = 60*k - 65*k + 2745. What is the hundreds digit of k?
5
Let m be 2292/30 + 3/5. Suppose 0 = 4*o + 5*u - 121, -4*u + u = -2*o + m. What is the tens digit of o?
3
Let s(j) = -1160*j**3 - 4*j**2 - 7*j - 2. What is the units digit of s(-1)?
1
Let j = 1443 + -980. What is the tens digit of j?
6
Let q be 3 - (-36)/((-12)/(-3)). Let l = q - 4. What is the units digit of (l - 7) + -1 + 55?
5
What is the units digit of (14/6 - 1)*1200/32?
0
Let x(t) = -2*t**3 - t**2 + 5. Suppose l - 6 = -4*l + 3*c, 0 = -5*l - 3*c - 6. What is the units digit of x(l)?
5
Let x = 12 - 19. Let w be 4/(-3)*(-819)/(-42) - 1. What is the tens digit of (-1)/1*(w - x)?
2
Let k(g) = -3*g**3 - 28*g**2 - g - 28. Let z(j) = -5*j**3 - 42*j**2 - j - 42. Let i = 33 + -28. Let n(v) = i*z(v) - 8*k(v). What is the tens digit of n(14)?
5
Suppose 0 = 10*c + 6*c - 1520. What is the tens digit of c?
9
Let h = 456 + -4. What is the tens digit of h?
5
What is the hundreds digit of 6 + (-260)/45 - (-1636)/9?
1
Let g = -96 + 166. Suppose 4*z - g = 10. What is the tens digit of 4/z + 148/10?
1
Let a(n) = -5*n - 3. Let f = 1 + 1. Suppose -g + 2*g - f*p + 10 = 0, -16 = g - 5*p. What is the tens digit of a(g)?
2
Let a = -51 + 58. Suppose 483 = a*g - 105. What is the tens digit of g?
8
Let x(s) = -5*s + 4 - 2*s + 2 + s**2. Let k be x(4). Let g(n) = n**2 + 4*n + 3. What is the tens digit of g(k)?
1
Let a(q) = -19*q + 23. What is the tens digit of a(-4)?
9
Suppose a - 4*a = -6. Suppose -2*n + 63 = k, -a*k + 0*n + 101 = -n. What is the tens digit of k?
5
Let s(x) = -138*x - 69. What is the units digit of s(-5)?
1
Let a(t) = 13*t + 11. What 